{"id":4257,"date":"2020-09-10T13:48:46","date_gmt":"2020-09-10T11:48:46","guid":{"rendered":"http:\/\/www.eurofirmsgroup.com\/?post_type=ods&#038;p=4257"},"modified":"2020-09-18T13:15:02","modified_gmt":"2020-09-18T11:15:02","slug":"reduccio-de-les-desigualtats","status":"publish","type":"ods","link":"https:\/\/www.eurofirmsgroup.com\/ca\/ods\/reduccio-de-les-desigualtats\/","title":{"rendered":"Reducci\u00f3 de les desigualtats"},"content":{"rendered":"\n<p><strong><strong>Fundaci\u00f3 Eurofirms<\/strong>: <\/strong>ens mouen la responsabilitat, la igualtat i el comprom\u00eds, valors mitjan\u00e7ant els quals volem aconseguir un mercat laboral m\u00e9s equitatiu demostrant que darrere la discapacitat hi ha persones amb grans capacitats i talents. La <a href=\"https:\/\/www.fundacioneurofirms.es\/ca\/\" target=\"_blank\" rel=\"noreferrer noopener\">Fundaci\u00f3 Eurofirms<\/a> va n\u00e9ixer fa m\u00e9s de 10 anys, fruit del comprom\u00eds social d\u2019Eurofirms Group, i la seva missi\u00f3 \u00e9s aconseguir una societat m\u00e9s justa i inclusiva. Treballem per normalitzar la discapacitat i potenciar la cultura de la igualtat en el m\u00f3n laboral.<\/p>\n\n\n\n<p><\/p>\n\n\n\n<p><strong><strong>Empresa internacional<\/strong>: <\/strong>la nostra pres\u00e8ncia en diferents pa\u00efsos ha potenciat la creaci\u00f3 d\u2019un equip multicultural, format per persones de diverses nacionalitats, fet que ens enriqueix professional i culturalment. Tamb\u00e9 en aquesta l\u00ednia, tots els nostres processos de selecci\u00f3 estan enfocats a trobar els millors professionals per a cada perfil, independentment de les q\u00fcestions d\u2019edat, sexe, discapacitat, ra\u00e7a, \u00e8tnia, origen, religi\u00f3 o situaci\u00f3 econ\u00f2mica.<\/p>\n\n\n\n<div class=\"wp-block-image\"><figure class=\"alignleft size-large is-resized\"><img decoding=\"async\" loading=\"lazy\" src=\"https:\/\/www.eurofirmsgroup.com\/wp-content\/uploads\/2020\/09\/ODS10-ca.jpg\" alt=\"\" class=\"wp-image-5021\" width=\"300\" height=\"321\" srcset=\"https:\/\/www.eurofirmsgroup.com\/wp-content\/uploads\/2020\/09\/ODS10-ca.jpg 600w, https:\/\/www.eurofirmsgroup.com\/wp-content\/uploads\/2020\/09\/ODS10-ca-281x300.jpg 281w\" sizes=\"(max-width: 300px) 100vw, 300px\" \/><figcaption>Nacionalitats dels treballadors estrangers posats a disposici\u00f3<\/figcaption><\/figure><\/div>\n\n\n\n<div style=\"height:20px\" aria-hidden=\"true\" class=\"wp-block-spacer\"><\/div>\n\n\n\n<p><strong><strong>Entorns laborals inclusius: <\/strong><\/strong>a trav\u00e9s de la Fundaci\u00f3 Eurofirms, hem realitzat un estudi per mostrar el grau inclusi\u00f3 dels entorns laborals a les empreses d\u2019Espanya, valorant q\u00fcestions relacionades amb l\u2019accessibilitat, les responsabilitats, la formaci\u00f3 i informaci\u00f3, el tracte i les relacions professionals que reben i perceben les persones amb discapacitat en relaci\u00f3 en el seu lloc de treball.<\/p>\n\n\n\n<div style=\"height:20px\" aria-hidden=\"true\" class=\"wp-block-spacer\"><\/div>\n","protected":false},"featured_media":0,"template":"","acf":[],"yoast_head":"<!-- This site is optimized with the Yoast SEO plugin v20.13 - https:\/\/yoast.com\/wordpress\/plugins\/seo\/ -->\n<title>Reducci\u00f3 de les desigualtats - Eurofirms Group<\/title>\n<meta name=\"robots\" content=\"index, follow, max-snippet:-1, max-image-preview:large, max-video-preview:-1\" \/>\n<link rel=\"canonical\" href=\"https:\/\/www.eurofirmsgroup.com\/ca\/ods\/reduccio-de-les-desigualtats\/\" \/>\n<meta property=\"og:locale\" content=\"ca_ES\" \/>\n<meta property=\"og:type\" content=\"article\" \/>\n<meta property=\"og:title\" content=\"Reducci\u00f3 de les desigualtats - Eurofirms Group\" \/>\n<meta property=\"og:description\" content=\"Fundaci\u00f3 Eurofirms: ens mouen la responsabilitat, la igualtat i el comprom\u00eds, valors mitjan\u00e7ant els quals volem aconseguir un mercat laboral m\u00e9s equitatiu demostrant que darrere la discapacitat hi ha persones amb grans capacitats i talents. La Fundaci\u00f3 Eurofirms va n\u00e9ixer fa m\u00e9s de 10 anys, fruit del comprom\u00eds social d\u2019Eurofirms Group, i la seva missi\u00f3...\" \/>\n<meta property=\"og:url\" content=\"https:\/\/www.eurofirmsgroup.com\/ca\/ods\/reduccio-de-les-desigualtats\/\" \/>\n<meta property=\"og:site_name\" content=\"Eurofirms Group\" \/>\n<meta property=\"article:modified_time\" content=\"2020-09-18T11:15:02+00:00\" \/>\n<meta property=\"og:image\" content=\"http:\/\/www.eurofirmsgroup.com\/wp-content\/uploads\/2020\/09\/ODS10-ca.jpg\" \/>\n<meta name=\"twitter:card\" content=\"summary_large_image\" \/>\n<meta name=\"twitter:label1\" content=\"Temps estimat de lectura\" \/>\n\t<meta name=\"twitter:data1\" content=\"1 minut\" \/>\n<script type=\"application\/ld+json\" class=\"yoast-schema-graph\">{\"@context\":\"https:\/\/schema.org\",\"@graph\":[{\"@type\":\"WebPage\",\"@id\":\"https:\/\/www.eurofirmsgroup.com\/ca\/ods\/reduccio-de-les-desigualtats\/\",\"url\":\"https:\/\/www.eurofirmsgroup.com\/ca\/ods\/reduccio-de-les-desigualtats\/\",\"name\":\"Reducci\u00f3 de les desigualtats - Eurofirms Group\",\"isPartOf\":{\"@id\":\"https:\/\/www.eurofirmsgroup.com\/#website\"},\"datePublished\":\"2020-09-10T11:48:46+00:00\",\"dateModified\":\"2020-09-18T11:15:02+00:00\",\"breadcrumb\":{\"@id\":\"https:\/\/www.eurofirmsgroup.com\/ca\/ods\/reduccio-de-les-desigualtats\/#breadcrumb\"},\"inLanguage\":\"ca\",\"potentialAction\":[{\"@type\":\"ReadAction\",\"target\":[\"https:\/\/www.eurofirmsgroup.com\/ca\/ods\/reduccio-de-les-desigualtats\/\"]}]},{\"@type\":\"BreadcrumbList\",\"@id\":\"https:\/\/www.eurofirmsgroup.com\/ca\/ods\/reduccio-de-les-desigualtats\/#breadcrumb\",\"itemListElement\":[{\"@type\":\"ListItem\",\"position\":1,\"name\":\"Portada\",\"item\":\"https:\/\/www.eurofirmsgroup.com\/ca\/\"},{\"@type\":\"ListItem\",\"position\":2,\"name\":\"ODS\",\"item\":\"https:\/\/www.eurofirmsgroup.com\/ods\/\"},{\"@type\":\"ListItem\",\"position\":3,\"name\":\"Reducci\u00f3 de les desigualtats\"}]},{\"@type\":\"WebSite\",\"@id\":\"https:\/\/www.eurofirmsgroup.com\/#website\",\"url\":\"https:\/\/www.eurofirmsgroup.com\/\",\"name\":\"Eurofirms Group\",\"description\":\"1\u00aa empresa nacional de RR. HH.\",\"potentialAction\":[{\"@type\":\"SearchAction\",\"target\":{\"@type\":\"EntryPoint\",\"urlTemplate\":\"https:\/\/www.eurofirmsgroup.com\/?s={search_term_string}\"},\"query-input\":\"required name=search_term_string\"}],\"inLanguage\":\"ca\"}]}<\/script>\n<!-- \/ Yoast SEO plugin. -->","yoast_head_json":{"title":"Reducci\u00f3 de les desigualtats - Eurofirms Group","robots":{"index":"index","follow":"follow","max-snippet":"max-snippet:-1","max-image-preview":"max-image-preview:large","max-video-preview":"max-video-preview:-1"},"canonical":"https:\/\/www.eurofirmsgroup.com\/ca\/ods\/reduccio-de-les-desigualtats\/","og_locale":"ca_ES","og_type":"article","og_title":"Reducci\u00f3 de les desigualtats - Eurofirms Group","og_description":"Fundaci\u00f3 Eurofirms: ens mouen la responsabilitat, la igualtat i el comprom\u00eds, valors mitjan\u00e7ant els quals volem aconseguir un mercat laboral m\u00e9s equitatiu demostrant que darrere la discapacitat hi ha persones amb grans capacitats i talents. La Fundaci\u00f3 Eurofirms va n\u00e9ixer fa m\u00e9s de 10 anys, fruit del comprom\u00eds social d\u2019Eurofirms Group, i la seva missi\u00f3...","og_url":"https:\/\/www.eurofirmsgroup.com\/ca\/ods\/reduccio-de-les-desigualtats\/","og_site_name":"Eurofirms Group","article_modified_time":"2020-09-18T11:15:02+00:00","og_image":[{"url":"http:\/\/www.eurofirmsgroup.com\/wp-content\/uploads\/2020\/09\/ODS10-ca.jpg"}],"twitter_card":"summary_large_image","twitter_misc":{"Temps estimat de lectura":"1 minut"},"schema":{"@context":"https:\/\/schema.org","@graph":[{"@type":"WebPage","@id":"https:\/\/www.eurofirmsgroup.com\/ca\/ods\/reduccio-de-les-desigualtats\/","url":"https:\/\/www.eurofirmsgroup.com\/ca\/ods\/reduccio-de-les-desigualtats\/","name":"Reducci\u00f3 de les desigualtats - Eurofirms Group","isPartOf":{"@id":"https:\/\/www.eurofirmsgroup.com\/#website"},"datePublished":"2020-09-10T11:48:46+00:00","dateModified":"2020-09-18T11:15:02+00:00","breadcrumb":{"@id":"https:\/\/www.eurofirmsgroup.com\/ca\/ods\/reduccio-de-les-desigualtats\/#breadcrumb"},"inLanguage":"ca","potentialAction":[{"@type":"ReadAction","target":["https:\/\/www.eurofirmsgroup.com\/ca\/ods\/reduccio-de-les-desigualtats\/"]}]},{"@type":"BreadcrumbList","@id":"https:\/\/www.eurofirmsgroup.com\/ca\/ods\/reduccio-de-les-desigualtats\/#breadcrumb","itemListElement":[{"@type":"ListItem","position":1,"name":"Portada","item":"https:\/\/www.eurofirmsgroup.com\/ca\/"},{"@type":"ListItem","position":2,"name":"ODS","item":"https:\/\/www.eurofirmsgroup.com\/ods\/"},{"@type":"ListItem","position":3,"name":"Reducci\u00f3 de les desigualtats"}]},{"@type":"WebSite","@id":"https:\/\/www.eurofirmsgroup.com\/#website","url":"https:\/\/www.eurofirmsgroup.com\/","name":"Eurofirms Group","description":"1\u00aa empresa nacional de RR. HH.","potentialAction":[{"@type":"SearchAction","target":{"@type":"EntryPoint","urlTemplate":"https:\/\/www.eurofirmsgroup.com\/?s={search_term_string}"},"query-input":"required name=search_term_string"}],"inLanguage":"ca"}]}},"_links":{"self":[{"href":"https:\/\/www.eurofirmsgroup.com\/ca\/wp-json\/wp\/v2\/ods\/4257"}],"collection":[{"href":"https:\/\/www.eurofirmsgroup.com\/ca\/wp-json\/wp\/v2\/ods"}],"about":[{"href":"https:\/\/www.eurofirmsgroup.com\/ca\/wp-json\/wp\/v2\/types\/ods"}],"wp:attachment":[{"href":"https:\/\/www.eurofirmsgroup.com\/ca\/wp-json\/wp\/v2\/media?parent=4257"}],"curies":[{"name":"wp","href":"https:\/\/api.w.org\/{rel}","templated":true}]}}

Reducció de les desigualtats

<p><strong><strong>Fundació Eurofirms</strong>: </strong>ens mouen la responsabilitat, la igualtat i el compromís, valors mitjançant els quals volem aconseguir un mercat laboral més equitatiu demostrant que darrere la discapacitat hi ha persones amb grans capacitats i talents. La <a href="https://www.fundacioneurofirms.es/ca/" target="_blank" rel="noreferrer noopener">Fundació Eurofirms</a> va néixer fa més de 10 anys, fruit del compromís social d’Eurofirms Group, i la seva missió és aconseguir una societat més justa i inclusiva. Treballem per normalitzar la discapacitat i potenciar la cultura de la igualtat en el món laboral.</p>



<p></p>



<p><strong><strong>Empresa internacional</strong>: </strong>la nostra presència en diferents països ha potenciat la creació d’un equip multicultural, format per persones de diverses nacionalitats, fet que ens enriqueix professional i culturalment. També en aquesta línia, tots els nostres processos de selecció estan enfocats a trobar els millors professionals per a cada perfil, independentment de les qüestions d’edat, sexe, discapacitat, raça, ètnia, origen, religió o situació econòmica.</p>



<div class="wp-block-image"><figure class="alignleft size-large is-resized"><img decoding="async" loading="lazy" src="https://www.eurofirmsgroup.com/wp-content/uploads/2020/09/ODS10-ca.jpg" alt="" class="wp-image-5021" width="300" height="321" srcset="https://www.eurofirmsgroup.com/wp-content/uploads/2020/09/ODS10-ca.jpg 600w, https://www.eurofirmsgroup.com/wp-content/uploads/2020/09/ODS10-ca-281x300.jpg 281w" sizes="(max-width: 300px) 100vw, 300px" /><figcaption>Nacionalitats dels treballadors estrangers posats a disposició</figcaption></figure></div>



<div style="height:20px" aria-hidden="true" class="wp-block-spacer"></div>



<p><strong><strong>Entorns laborals inclusius: </strong></strong>a través de la Fundació Eurofirms, hem realitzat un estudi per mostrar el grau inclusió dels entorns laborals a les empreses d’Espanya, valorant qüestions relacionades amb l’accessibilitat, les responsabilitats, la formació i informació, el tracte i les relacions professionals que reben i perceben les persones amb discapacitat en relació en el seu lloc de treball.</p>



<div style="height:20px" aria-hidden="true" class="wp-block-spacer"></div>

<!-- This site is optimized with the Yoast SEO plugin v20.13 - https://yoast.com/wordpress/plugins/seo/ -->
<title>Reducció de les desigualtats - Eurofirms Group</title>
<meta name="robots" content="index, follow, max-snippet:-1, max-image-preview:large, max-video-preview:-1" />
<link rel="canonical" href="https://www.eurofirmsgroup.com/ca/ods/reduccio-de-les-desigualtats/" />
<meta property="og:locale" content="ca_ES" />
<meta property="og:type" content="article" />
<meta property="og:title" content="Reducció de les desigualtats - Eurofirms Group" />
<meta property="og:description" content="Fundació Eurofirms: ens mouen la responsabilitat, la igualtat i el compromís, valors mitjançant els quals volem aconseguir un mercat laboral més equitatiu demostrant que darrere la discapacitat hi ha persones amb grans capacitats i talents. La Fundació Eurofirms va néixer fa més de 10 anys, fruit del compromís social d’Eurofirms Group, i la seva missió..." />
<meta property="og:url" content="https://www.eurofirmsgroup.com/ca/ods/reduccio-de-les-desigualtats/" />
<meta property="og:site_name" content="Eurofirms Group" />
<meta property="article:modified_time" content="2020-09-18T11:15:02+00:00" />
<meta property="og:image" content="http://www.eurofirmsgroup.com/wp-content/uploads/2020/09/ODS10-ca.jpg" />
<meta name="twitter:card" content="summary_large_image" />
<meta name="twitter:label1" content="Temps estimat de lectura" />
	<meta name="twitter:data1" content="1 minut" />
<script type="application/ld+json" class="yoast-schema-graph">{"@context":"https://schema.org","@graph":[{"@type":"WebPage","@id":"https://www.eurofirmsgroup.com/ca/ods/reduccio-de-les-desigualtats/","url":"https://www.eurofirmsgroup.com/ca/ods/reduccio-de-les-desigualtats/","name":"Reducció de les desigualtats - Eurofirms Group","isPartOf":{"@id":"https://www.eurofirmsgroup.com/#website"},"datePublished":"2020-09-10T11:48:46+00:00","dateModified":"2020-09-18T11:15:02+00:00","breadcrumb":{"@id":"https://www.eurofirmsgroup.com/ca/ods/reduccio-de-les-desigualtats/#breadcrumb"},"inLanguage":"ca","potentialAction":[{"@type":"ReadAction","target":["https://www.eurofirmsgroup.com/ca/ods/reduccio-de-les-desigualtats/"]}]},{"@type":"BreadcrumbList","@id":"https://www.eurofirmsgroup.com/ca/ods/reduccio-de-les-desigualtats/#breadcrumb","itemListElement":[{"@type":"ListItem","position":1,"name":"Portada","item":"https://www.eurofirmsgroup.com/ca/"},{"@type":"ListItem","position":2,"name":"ODS","item":"https://www.eurofirmsgroup.com/ods/"},{"@type":"ListItem","position":3,"name":"Reducció de les desigualtats"}]},{"@type":"WebSite","@id":"https://www.eurofirmsgroup.com/#website","url":"https://www.eurofirmsgroup.com/","name":"Eurofirms Group","description":"1ª empresa nacional de RR. HH.","potentialAction":[{"@type":"SearchAction","target":{"@type":"EntryPoint","urlTemplate":"https://www.eurofirmsgroup.com/?s={search_term_string}"},"query-input":"required name=search_term_string"}],"inLanguage":"ca"}]}</script>
<!-- / Yoast SEO plugin. -->

Reducció de les desigualtats - Eurofirms Group

Fundació Eurofirms: ens mouen la responsabilitat, la igualtat i el compromís, valors mitjançant els quals volem aconseguir un mercat laboral més equitatiu demostrant que darrere la discapacitat hi ha persones amb grans capacitats i talents. La Fundació Eurofirms va néixer fa més de 10 anys, fruit del compromís social d’Eurofirms Group, i la seva missió...

1ª empresa nacional de RR. HH.
